{"id":20837,"date":"2023-10-21T10:19:30","date_gmt":"2023-10-21T13:19:30","guid":{"rendered":"https:\/\/inforest.com.ar\/?page_id=20837"},"modified":"2025-11-11T16:46:45","modified_gmt":"2025-11-11T19:46:45","slug":"noticias","status":"publish","type":"page","link":"https:\/\/inforest.com.ar\/ibe\/noticias\/","title":{"rendered":"Noticias"},"content":{"rendered":"\t\t<div data-elementor-type=\"wp-page\" data-elementor-id=\"20837\" class=\"elementor elementor-20837\" data-elementor-post-type=\"page\">\n\t\t\t\t\t\t<section class=\"elementor-section elementor-top-section elementor-element elementor-element-a4ddc9e elementor-section-full_width elementor-section-height-min-height elementor-section-height-default elementor-section-items-middle\" data-id=\"a4ddc9e\" data-element_type=\"section\" data-e-type=\"section\" data-settings=\"{&quot;background_background&quot;:&quot;classic&quot;}\">\n\t\t\t\t\t\t\t<div class=\"elementor-background-overlay\"><\/div>\n\t\t\t\t\t\t\t<div class=\"elementor-container elementor-column-gap-no\">\n\t\t\t\t\t<div class=\"elementor-column elementor-col-100 elementor-top-column elementor-element elementor-element-af2f1cc\" data-id=\"af2f1cc\" data-element_type=\"column\" data-e-type=\"column\">\n\t\t\t<div class=\"elementor-widget-wrap elementor-element-populated\">\n\t\t\t\t\t\t<div class=\"elementor-element elementor-element-d8ee1fa elementor-widget elementor-widget-heading\" data-id=\"d8ee1fa\" data-element_type=\"widget\" data-e-type=\"widget\" data-widget_type=\"heading.default\">\n\t\t\t\t<div class=\"elementor-widget-container\">\n\t\t\t\t\t<h2 class=\"elementor-heading-title elementor-size-default\">NOTICIAS<\/h2>\t\t\t\t<\/div>\n\t\t\t\t<\/div>\n\t\t\t\t\t<\/div>\n\t\t<\/div>\n\t\t\t\t\t<\/div>\n\t\t<\/section>\n\t\t\t\t<section class=\"elementor-section elementor-top-section elementor-element elementor-element-df7e737 elementor-section-boxed elementor-section-height-default elementor-section-height-default\" data-id=\"df7e737\" data-element_type=\"section\" data-e-type=\"section\">\n\t\t\t\t\t\t<div class=\"elementor-container elementor-column-gap-default\">\n\t\t\t\t\t<div class=\"elementor-column elementor-col-100 elementor-top-column elementor-element elementor-element-4a494e5\" data-id=\"4a494e5\" data-element_type=\"column\" data-e-type=\"column\">\n\t\t\t<div class=\"elementor-widget-wrap elementor-element-populated\">\n\t\t\t\t\t\t<div class=\"elementor-element elementor-element-38f2275 elementor-posts--align-left elementor-grid-3 elementor-grid-tablet-2 elementor-grid-mobile-1 elementor-posts--thumbnail-top elementor-card-shadow-yes elementor-posts__hover-gradient elementor-widget elementor-widget-posts\" data-id=\"38f2275\" data-element_type=\"widget\" data-e-type=\"widget\" data-settings=\"{&quot;pagination_type&quot;:&quot;load_more_infinite_scroll&quot;,&quot;cards_columns&quot;:&quot;3&quot;,&quot;cards_columns_tablet&quot;:&quot;2&quot;,&quot;cards_columns_mobile&quot;:&quot;1&quot;,&quot;cards_row_gap&quot;:{&quot;unit&quot;:&quot;px&quot;,&quot;size&quot;:35,&quot;sizes&quot;:[]},&quot;cards_row_gap_tablet&quot;:{&quot;unit&quot;:&quot;px&quot;,&quot;size&quot;:&quot;&quot;,&quot;sizes&quot;:[]},&quot;cards_row_gap_mobile&quot;:{&quot;unit&quot;:&quot;px&quot;,&quot;size&quot;:&quot;&quot;,&quot;sizes&quot;:[]},&quot;load_more_spinner&quot;:{&quot;value&quot;:&quot;fas fa-spinner&quot;,&quot;library&quot;:&quot;fa-solid&quot;}}\" data-widget_type=\"posts.cards\">\n\t\t\t\t<div class=\"elementor-widget-container\">\n\t\t\t\t\t\t\t<div class=\"elementor-posts-container elementor-posts elementor-posts--skin-cards elementor-grid\" role=\"list\">\n\t\t\t\t<article class=\"elementor-post elementor-grid-item post-34300 post type-post status-publish format-standard has-post-thumbnail hentry category-noticias-ibe\" role=\"listitem\">\n\t\t\t<div class=\"elementor-post__card\">\n\t\t\t\t<a class=\"elementor-post__thumbnail__link\" href=\"https:\/\/inforest.com.ar\/ibe\/inforest-participara-en-interaigis-2026-junto-con-pavlou\/\" tabindex=\"-1\" ><div class=\"elementor-post__thumbnail\"><img fetchpriority=\"high\" decoding=\"async\" width=\"1250\" height=\"625\" src=\"https:\/\/inforest.com.ar\/wp-content\/uploads\/2026\/03\/header-interaigis-nuevo.jpg\" class=\"attachment-full size-full wp-image-34277\" alt=\"\" srcset=\"https:\/\/inforest.com.ar\/wp-content\/uploads\/2026\/03\/header-interaigis-nuevo.jpg 1250w, https:\/\/inforest.com.ar\/wp-content\/uploads\/2026\/03\/header-interaigis-nuevo-300x150.jpg 300w, https:\/\/inforest.com.ar\/wp-content\/uploads\/2026\/03\/header-interaigis-nuevo-1024x512.jpg 1024w, https:\/\/inforest.com.ar\/wp-content\/uploads\/2026\/03\/header-interaigis-nuevo-768x384.jpg 768w, https:\/\/inforest.com.ar\/wp-content\/uploads\/2026\/03\/header-interaigis-nuevo-600x300.jpg 600w\" sizes=\"(max-width: 1250px) 100vw, 1250px\" \/><\/div><\/a>\n\t\t\t\t<div class=\"elementor-post__text\">\n\t\t\t\t<h3 class=\"elementor-post__title\">\n\t\t\t<a href=\"https:\/\/inforest.com.ar\/ibe\/inforest-participara-en-interaigis-2026-junto-con-pavlou\/\" >\n\t\t\t\tInforest participar\u00e1 en InterAigis 2026 junto con Pavlou\t\t\t<\/a>\n\t\t<\/h3>\n\t\t\t\t<div class=\"elementor-post__excerpt\">\n\t\t\t<p>Inforest participar\u00e1 en InterAigis 2026 junto con Pavlou La feria reunir\u00e1 a los principales actores del sector de emergencias y<\/p>\n\t\t<\/div>\n\t\t\n\t\t<a class=\"elementor-post__read-more\" href=\"https:\/\/inforest.com.ar\/ibe\/inforest-participara-en-interaigis-2026-junto-con-pavlou\/\" aria-label=\"Read more about Inforest participar\u00e1 en InterAigis 2026 junto con Pavlou\" tabindex=\"-1\" >\n\t\t\tVer Nota\t\t<\/a>\n\n\t\t\t\t<\/div>\n\t\t\t\t\t<\/div>\n\t\t<\/article>\n\t\t\t\t<article class=\"elementor-post elementor-grid-item post-34082 post type-post status-publish format-standard has-post-thumbnail hentry category-noticias-ibe\" role=\"listitem\">\n\t\t\t<div class=\"elementor-post__card\">\n\t\t\t\t<a class=\"elementor-post__thumbnail__link\" href=\"https:\/\/inforest.com.ar\/ibe\/inforest-participara-en-interschutz-2026-la-feria-mundial-lider-en-incendios-y-proteccion-civil\/\" tabindex=\"-1\" ><div class=\"elementor-post__thumbnail\"><img decoding=\"async\" width=\"1440\" height=\"856\" src=\"https:\/\/inforest.com.ar\/wp-content\/uploads\/2026\/03\/Interschutz-pasado-4.jpg\" class=\"attachment-full size-full wp-image-33793\" alt=\"\" srcset=\"https:\/\/inforest.com.ar\/wp-content\/uploads\/2026\/03\/Interschutz-pasado-4.jpg 1440w, https:\/\/inforest.com.ar\/wp-content\/uploads\/2026\/03\/Interschutz-pasado-4-300x178.jpg 300w, https:\/\/inforest.com.ar\/wp-content\/uploads\/2026\/03\/Interschutz-pasado-4-1024x609.jpg 1024w, https:\/\/inforest.com.ar\/wp-content\/uploads\/2026\/03\/Interschutz-pasado-4-768x457.jpg 768w, https:\/\/inforest.com.ar\/wp-content\/uploads\/2026\/03\/Interschutz-pasado-4-600x357.jpg 600w\" sizes=\"(max-width: 1440px) 100vw, 1440px\" \/><\/div><\/a>\n\t\t\t\t<div class=\"elementor-post__text\">\n\t\t\t\t<h3 class=\"elementor-post__title\">\n\t\t\t<a href=\"https:\/\/inforest.com.ar\/ibe\/inforest-participara-en-interschutz-2026-la-feria-mundial-lider-en-incendios-y-proteccion-civil\/\" >\n\t\t\t\tInforest participar\u00e1 en INTERSCHUTZ 2026 &#8211; La feria mundial l\u00edder en incendios y protecci\u00f3n civil\t\t\t<\/a>\n\t\t<\/h3>\n\t\t\t\t<div class=\"elementor-post__excerpt\">\n\t\t\t<p>Inforest participar\u00e1 en INTERSCHUTZ 2026 &#8211; La feria mundial l\u00edder en incendios y protecci\u00f3n civil Inforest anuncia con orgullo y<\/p>\n\t\t<\/div>\n\t\t\n\t\t<a class=\"elementor-post__read-more\" href=\"https:\/\/inforest.com.ar\/ibe\/inforest-participara-en-interschutz-2026-la-feria-mundial-lider-en-incendios-y-proteccion-civil\/\" aria-label=\"Read more about Inforest participar\u00e1 en INTERSCHUTZ 2026 &#8211; La feria mundial l\u00edder en incendios y protecci\u00f3n civil\" tabindex=\"-1\" >\n\t\t\tVer Nota\t\t<\/a>\n\n\t\t\t\t<\/div>\n\t\t\t\t\t<\/div>\n\t\t<\/article>\n\t\t\t\t<article class=\"elementor-post elementor-grid-item post-34079 post type-post status-publish format-standard has-post-thumbnail hentry category-noticias-ibe\" role=\"listitem\">\n\t\t\t<div class=\"elementor-post__card\">\n\t\t\t\t<a class=\"elementor-post__thumbnail__link\" href=\"https:\/\/inforest.com.ar\/ibe\/entrega-de-equipos-de-ataque-rapido-inforest-en-ecuador-acompanada-de-capacitacion-tecnica\/\" tabindex=\"-1\" ><div class=\"elementor-post__thumbnail\"><img decoding=\"async\" width=\"1600\" height=\"1200\" src=\"https:\/\/inforest.com.ar\/wp-content\/uploads\/2026\/03\/WhatsApp-Image-2026-02-04-at-09.42.18.jpeg\" class=\"attachment-full size-full wp-image-33762\" alt=\"\" srcset=\"https:\/\/inforest.com.ar\/wp-content\/uploads\/2026\/03\/WhatsApp-Image-2026-02-04-at-09.42.18.jpeg 1600w, https:\/\/inforest.com.ar\/wp-content\/uploads\/2026\/03\/WhatsApp-Image-2026-02-04-at-09.42.18-300x225.jpeg 300w, https:\/\/inforest.com.ar\/wp-content\/uploads\/2026\/03\/WhatsApp-Image-2026-02-04-at-09.42.18-1024x768.jpeg 1024w, https:\/\/inforest.com.ar\/wp-content\/uploads\/2026\/03\/WhatsApp-Image-2026-02-04-at-09.42.18-768x576.jpeg 768w, https:\/\/inforest.com.ar\/wp-content\/uploads\/2026\/03\/WhatsApp-Image-2026-02-04-at-09.42.18-1536x1152.jpeg 1536w, https:\/\/inforest.com.ar\/wp-content\/uploads\/2026\/03\/WhatsApp-Image-2026-02-04-at-09.42.18-600x450.jpeg 600w\" sizes=\"(max-width: 1600px) 100vw, 1600px\" \/><\/div><\/a>\n\t\t\t\t<div class=\"elementor-post__text\">\n\t\t\t\t<h3 class=\"elementor-post__title\">\n\t\t\t<a href=\"https:\/\/inforest.com.ar\/ibe\/entrega-de-equipos-de-ataque-rapido-inforest-en-ecuador-acompanada-de-capacitacion-tecnica\/\" >\n\t\t\t\tEntrega de Equipos de Ataque R\u00e1pido Inforest en Ecuador acompa\u00f1ada de capacitaci\u00f3n t\u00e9cnica\t\t\t<\/a>\n\t\t<\/h3>\n\t\t\t\t<div class=\"elementor-post__excerpt\">\n\t\t\t<p>Entrega de Equipos de Ataque R\u00e1pido Inforest en Ecuador acompa\u00f1ada de capacitaci\u00f3n t\u00e9cnica Inforest realiz\u00f3 la entrega de equipos de<\/p>\n\t\t<\/div>\n\t\t\n\t\t<a class=\"elementor-post__read-more\" href=\"https:\/\/inforest.com.ar\/ibe\/entrega-de-equipos-de-ataque-rapido-inforest-en-ecuador-acompanada-de-capacitacion-tecnica\/\" aria-label=\"Read more about Entrega de Equipos de Ataque R\u00e1pido Inforest en Ecuador acompa\u00f1ada de capacitaci\u00f3n t\u00e9cnica\" tabindex=\"-1\" >\n\t\t\tVer Nota\t\t<\/a>\n\n\t\t\t\t<\/div>\n\t\t\t\t\t<\/div>\n\t\t<\/article>\n\t\t\t\t<article class=\"elementor-post elementor-grid-item post-34076 post type-post status-publish format-standard has-post-thumbnail hentry category-noticias-ibe\" role=\"listitem\">\n\t\t\t<div class=\"elementor-post__card\">\n\t\t\t\t<a class=\"elementor-post__thumbnail__link\" href=\"https:\/\/inforest.com.ar\/ibe\/inforest-en-sicur-2026-junto-a-hispamast\/\" tabindex=\"-1\" ><div class=\"elementor-post__thumbnail\"><img loading=\"lazy\" decoding=\"async\" width=\"2056\" height=\"1542\" src=\"https:\/\/inforest.com.ar\/wp-content\/uploads\/2026\/03\/IMG_2849-1-rotated.jpg\" class=\"attachment-full size-full wp-image-33826\" alt=\"\" srcset=\"https:\/\/inforest.com.ar\/wp-content\/uploads\/2026\/03\/IMG_2849-1-rotated.jpg 2056w, https:\/\/inforest.com.ar\/wp-content\/uploads\/2026\/03\/IMG_2849-1-300x225.jpg 300w, https:\/\/inforest.com.ar\/wp-content\/uploads\/2026\/03\/IMG_2849-1-1024x768.jpg 1024w, https:\/\/inforest.com.ar\/wp-content\/uploads\/2026\/03\/IMG_2849-1-768x576.jpg 768w, https:\/\/inforest.com.ar\/wp-content\/uploads\/2026\/03\/IMG_2849-1-1536x1152.jpg 1536w, https:\/\/inforest.com.ar\/wp-content\/uploads\/2026\/03\/IMG_2849-1-2048x1536.jpg 2048w, https:\/\/inforest.com.ar\/wp-content\/uploads\/2026\/03\/IMG_2849-1-600x450.jpg 600w\" sizes=\"(max-width: 2056px) 100vw, 2056px\" \/><\/div><\/a>\n\t\t\t\t<div class=\"elementor-post__text\">\n\t\t\t\t<h3 class=\"elementor-post__title\">\n\t\t\t<a href=\"https:\/\/inforest.com.ar\/ibe\/inforest-en-sicur-2026-junto-a-hispamast\/\" >\n\t\t\t\tInforest en SICUR 2026 junto a Hispamast\t\t\t<\/a>\n\t\t<\/h3>\n\t\t\t\t<div class=\"elementor-post__excerpt\">\n\t\t\t<p>Inforest en SICUR 2026 junto a Hispamast SICUR 2026 volvi\u00f3 a consolidarse como un punto de encuentro clave para el<\/p>\n\t\t<\/div>\n\t\t\n\t\t<a class=\"elementor-post__read-more\" href=\"https:\/\/inforest.com.ar\/ibe\/inforest-en-sicur-2026-junto-a-hispamast\/\" aria-label=\"Read more about Inforest en SICUR 2026 junto a Hispamast\" tabindex=\"-1\" >\n\t\t\tVer Nota\t\t<\/a>\n\n\t\t\t\t<\/div>\n\t\t\t\t\t<\/div>\n\t\t<\/article>\n\t\t\t\t<article class=\"elementor-post elementor-grid-item post-34073 post type-post status-publish format-standard has-post-thumbnail hentry category-noticias-ibe\" role=\"listitem\">\n\t\t\t<div class=\"elementor-post__card\">\n\t\t\t\t<a class=\"elementor-post__thumbnail__link\" href=\"https:\/\/inforest.com.ar\/ibe\/capacitacion-en-cataluna-demostracion-del-sistema-isk-fire-survival-junto-a-sipe-protection\/\" tabindex=\"-1\" ><div class=\"elementor-post__thumbnail\"><img loading=\"lazy\" decoding=\"async\" width=\"2048\" height=\"1536\" src=\"https:\/\/inforest.com.ar\/wp-content\/uploads\/2025\/11\/WhatsApp-Image-2025-11-21-at-09.01.03.jpeg\" class=\"attachment-full size-full wp-image-32200\" alt=\"\" srcset=\"https:\/\/inforest.com.ar\/wp-content\/uploads\/2025\/11\/WhatsApp-Image-2025-11-21-at-09.01.03.jpeg 2048w, https:\/\/inforest.com.ar\/wp-content\/uploads\/2025\/11\/WhatsApp-Image-2025-11-21-at-09.01.03-300x225.jpeg 300w, https:\/\/inforest.com.ar\/wp-content\/uploads\/2025\/11\/WhatsApp-Image-2025-11-21-at-09.01.03-1024x768.jpeg 1024w, https:\/\/inforest.com.ar\/wp-content\/uploads\/2025\/11\/WhatsApp-Image-2025-11-21-at-09.01.03-768x576.jpeg 768w, https:\/\/inforest.com.ar\/wp-content\/uploads\/2025\/11\/WhatsApp-Image-2025-11-21-at-09.01.03-1536x1152.jpeg 1536w, https:\/\/inforest.com.ar\/wp-content\/uploads\/2025\/11\/WhatsApp-Image-2025-11-21-at-09.01.03-600x450.jpeg 600w\" sizes=\"(max-width: 2048px) 100vw, 2048px\" \/><\/div><\/a>\n\t\t\t\t<div class=\"elementor-post__text\">\n\t\t\t\t<h3 class=\"elementor-post__title\">\n\t\t\t<a href=\"https:\/\/inforest.com.ar\/ibe\/capacitacion-en-cataluna-demostracion-del-sistema-isk-fire-survival-junto-a-sipe-protection\/\" >\n\t\t\t\tCapacitaci\u00f3n en Catalu\u00f1a: Demostraci\u00f3n del sistema ISK Fire Survival junto a Sipe Protection\t\t\t<\/a>\n\t\t<\/h3>\n\t\t\t\t<div class=\"elementor-post__excerpt\">\n\t\t\t<p>Capacitaci\u00f3n en Catalu\u00f1a: Demostraci\u00f3n del sistema ISK Fire Survival junto a Sipe Protection La semana pasada realizamos una jornada de<\/p>\n\t\t<\/div>\n\t\t\n\t\t<a class=\"elementor-post__read-more\" href=\"https:\/\/inforest.com.ar\/ibe\/capacitacion-en-cataluna-demostracion-del-sistema-isk-fire-survival-junto-a-sipe-protection\/\" aria-label=\"Read more about Capacitaci\u00f3n en Catalu\u00f1a: Demostraci\u00f3n del sistema ISK Fire Survival junto a Sipe Protection\" tabindex=\"-1\" >\n\t\t\tVer Nota\t\t<\/a>\n\n\t\t\t\t<\/div>\n\t\t\t\t\t<\/div>\n\t\t<\/article>\n\t\t\t\t<article class=\"elementor-post elementor-grid-item post-34070 post type-post status-publish format-standard has-post-thumbnail hentry category-noticias-ibe\" role=\"listitem\">\n\t\t\t<div class=\"elementor-post__card\">\n\t\t\t\t<a class=\"elementor-post__thumbnail__link\" href=\"https:\/\/inforest.com.ar\/ibe\/la-mochila-forestal-rigida-de-inforest-obtuvo-el-sello-de-buen-diseno-argentino\/\" tabindex=\"-1\" ><div class=\"elementor-post__thumbnail\"><img loading=\"lazy\" decoding=\"async\" width=\"648\" height=\"810\" src=\"https:\/\/inforest.com.ar\/wp-content\/uploads\/2025\/11\/6784-inforest.jpg\" class=\"attachment-full size-full wp-image-30700\" alt=\"\" srcset=\"https:\/\/inforest.com.ar\/wp-content\/uploads\/2025\/11\/6784-inforest.jpg 648w, https:\/\/inforest.com.ar\/wp-content\/uploads\/2025\/11\/6784-inforest-240x300.jpg 240w, https:\/\/inforest.com.ar\/wp-content\/uploads\/2025\/11\/6784-inforest-600x750.jpg 600w\" sizes=\"(max-width: 648px) 100vw, 648px\" \/><\/div><\/a>\n\t\t\t\t<div class=\"elementor-post__text\">\n\t\t\t\t<h3 class=\"elementor-post__title\">\n\t\t\t<a href=\"https:\/\/inforest.com.ar\/ibe\/la-mochila-forestal-rigida-de-inforest-obtuvo-el-sello-de-buen-diseno-argentino\/\" >\n\t\t\t\tLa Mochila Forestal R\u00edgida de Inforest obtuvo el Sello de Buen Dise\u00f1o Argentino\t\t\t<\/a>\n\t\t<\/h3>\n\t\t\t\t<div class=\"elementor-post__excerpt\">\n\t\t\t<p>La Mochila Forestal R\u00edgida de Inforest obtuvo el Sello de Buen Dise\u00f1o Argentino Nuestra Mochila Forestal R\u00edgida fue distinguida con<\/p>\n\t\t<\/div>\n\t\t\n\t\t<a class=\"elementor-post__read-more\" href=\"https:\/\/inforest.com.ar\/ibe\/la-mochila-forestal-rigida-de-inforest-obtuvo-el-sello-de-buen-diseno-argentino\/\" aria-label=\"Read more about La Mochila Forestal R\u00edgida de Inforest obtuvo el Sello de Buen Dise\u00f1o Argentino\" tabindex=\"-1\" >\n\t\t\tVer Nota\t\t<\/a>\n\n\t\t\t\t<\/div>\n\t\t\t\t\t<\/div>\n\t\t<\/article>\n\t\t\t\t<\/div>\n\t\t\t\t\t<span class=\"e-load-more-spinner\">\n\t\t\t\t<i aria-hidden=\"true\" class=\"fas fa-spinner\"><\/i>\t\t\t<\/span>\n\t\t\n\t\t\t\t<div class=\"e-load-more-anchor\" data-page=\"1\" data-max-page=\"6\" data-next-page=\"https:\/\/inforest.com.ar\/ibe\/wp-json\/wp\/v2\/pages\/20837\/page\/2\/\"><\/div>\n\t\t\t\t<div class=\"e-load-more-message\">No hay m\u00e1s publicaciones.<\/div>\n\t\t\t\t\t\t<\/div>\n\t\t\t\t<\/div>\n\t\t\t\t\t<\/div>\n\t\t<\/div>\n\t\t\t\t\t<\/div>\n\t\t<\/section>\n\t\t\t\t<\/div>\n\t\t","protected":false},"excerpt":{"rendered":"<p>NOTICIAS<\/p>\n","protected":false},"author":1,"featured_media":0,"parent":0,"menu_order":0,"comment_status":"closed","ping_status":"closed","template":"elementor_header_footer","meta":{"_acf_changed":false,"footnotes":""},"class_list":["post-20837","page","type-page","status-publish","hentry"],"acf":[],"yoast_head":"<!-- This site is optimized with the Yoast SEO plugin v27.0 - https:\/\/yoast.com\/product\/yoast-seo-wordpress\/ -->\n<title>Noticias - Inforest<\/title>\n<meta name=\"robots\" content=\"index, follow, max-snippet:-1, max-image-preview:large, max-video-preview:-1\" \/>\n<link rel=\"canonical\" href=\"https:\/\/inforest.com.ar\/ibe\/noticias\/\" \/>\n<meta property=\"og:locale\" content=\"es_ES\" \/>\n<meta property=\"og:type\" content=\"article\" \/>\n<meta property=\"og:title\" content=\"Noticias - Inforest\" \/>\n<meta property=\"og:description\" content=\"NOTICIAS\" \/>\n<meta property=\"og:url\" content=\"https:\/\/inforest.com.ar\/ibe\/noticias\/\" \/>\n<meta property=\"og:site_name\" content=\"Inforest\" \/>\n<meta property=\"article:modified_time\" content=\"2025-11-11T19:46:45+00:00\" \/>\n<meta name=\"twitter:card\" content=\"summary_large_image\" \/>\n<meta name=\"twitter:label1\" content=\"Est. reading time\" \/>\n\t<meta name=\"twitter:data1\" content=\"5 minutes\" \/>\n<script type=\"application\/ld+json\" class=\"yoast-schema-graph\">{\"@context\":\"https:\/\/schema.org\",\"@graph\":[{\"@type\":\"WebPage\",\"@id\":\"https:\/\/inforest.com.ar\/ibe\/noticias\/\",\"url\":\"https:\/\/inforest.com.ar\/ibe\/noticias\/\",\"name\":\"Noticias - Inforest\",\"isPartOf\":{\"@id\":\"https:\/\/inforest.com.ar\/#website\"},\"datePublished\":\"2023-10-21T13:19:30+00:00\",\"dateModified\":\"2025-11-11T19:46:45+00:00\",\"breadcrumb\":{\"@id\":\"https:\/\/inforest.com.ar\/ibe\/noticias\/#breadcrumb\"},\"inLanguage\":\"es-IBE\",\"potentialAction\":[{\"@type\":\"ReadAction\",\"target\":[\"https:\/\/inforest.com.ar\/ibe\/noticias\/\"]}]},{\"@type\":\"BreadcrumbList\",\"@id\":\"https:\/\/inforest.com.ar\/ibe\/noticias\/#breadcrumb\",\"itemListElement\":[{\"@type\":\"ListItem\",\"position\":1,\"name\":\"Portada\",\"item\":\"https:\/\/inforest.com.ar\/ibe\/\"},{\"@type\":\"ListItem\",\"position\":2,\"name\":\"Noticias\"}]},{\"@type\":\"WebSite\",\"@id\":\"https:\/\/inforest.com.ar\/#website\",\"url\":\"https:\/\/inforest.com.ar\/\",\"name\":\"Inforest\",\"description\":\"L\u00edderes en Equipamientos para Incendios Forestales\",\"publisher\":{\"@id\":\"https:\/\/inforest.com.ar\/#organization\"},\"potentialAction\":[{\"@type\":\"SearchAction\",\"target\":{\"@type\":\"EntryPoint\",\"urlTemplate\":\"https:\/\/inforest.com.ar\/?s={search_term_string}\"},\"query-input\":{\"@type\":\"PropertyValueSpecification\",\"valueRequired\":true,\"valueName\":\"search_term_string\"}}],\"inLanguage\":\"es-IBE\"},{\"@type\":\"Organization\",\"@id\":\"https:\/\/inforest.com.ar\/#organization\",\"name\":\"Inforest\",\"url\":\"https:\/\/inforest.com.ar\/\",\"logo\":{\"@type\":\"ImageObject\",\"inLanguage\":\"es-IBE\",\"@id\":\"https:\/\/inforest.com.ar\/#\/schema\/logo\/image\/\",\"url\":\"https:\/\/inforest.com.ar\/wp-content\/uploads\/2022\/05\/logoinfo.svg\",\"contentUrl\":\"https:\/\/inforest.com.ar\/wp-content\/uploads\/2022\/05\/logoinfo.svg\",\"width\":118,\"height\":20,\"caption\":\"Inforest\"},\"image\":{\"@id\":\"https:\/\/inforest.com.ar\/#\/schema\/logo\/image\/\"}}]}<\/script>\n<!-- \/ Yoast SEO plugin. -->","yoast_head_json":{"title":"Noticias - Inforest","robots":{"index":"index","follow":"follow","max-snippet":"max-snippet:-1","max-image-preview":"max-image-preview:large","max-video-preview":"max-video-preview:-1"},"canonical":"https:\/\/inforest.com.ar\/ibe\/noticias\/","og_locale":"es_ES","og_type":"article","og_title":"Noticias - Inforest","og_description":"NOTICIAS","og_url":"https:\/\/inforest.com.ar\/ibe\/noticias\/","og_site_name":"Inforest","article_modified_time":"2025-11-11T19:46:45+00:00","twitter_card":"summary_large_image","twitter_misc":{"Est. reading time":"5 minutes"},"schema":{"@context":"https:\/\/schema.org","@graph":[{"@type":"WebPage","@id":"https:\/\/inforest.com.ar\/ibe\/noticias\/","url":"https:\/\/inforest.com.ar\/ibe\/noticias\/","name":"Noticias - Inforest","isPartOf":{"@id":"https:\/\/inforest.com.ar\/#website"},"datePublished":"2023-10-21T13:19:30+00:00","dateModified":"2025-11-11T19:46:45+00:00","breadcrumb":{"@id":"https:\/\/inforest.com.ar\/ibe\/noticias\/#breadcrumb"},"inLanguage":"es-IBE","potentialAction":[{"@type":"ReadAction","target":["https:\/\/inforest.com.ar\/ibe\/noticias\/"]}]},{"@type":"BreadcrumbList","@id":"https:\/\/inforest.com.ar\/ibe\/noticias\/#breadcrumb","itemListElement":[{"@type":"ListItem","position":1,"name":"Portada","item":"https:\/\/inforest.com.ar\/ibe\/"},{"@type":"ListItem","position":2,"name":"Noticias"}]},{"@type":"WebSite","@id":"https:\/\/inforest.com.ar\/#website","url":"https:\/\/inforest.com.ar\/","name":"Inforest","description":"L\u00edderes en Equipamientos para Incendios Forestales","publisher":{"@id":"https:\/\/inforest.com.ar\/#organization"},"potentialAction":[{"@type":"SearchAction","target":{"@type":"EntryPoint","urlTemplate":"https:\/\/inforest.com.ar\/?s={search_term_string}"},"query-input":{"@type":"PropertyValueSpecification","valueRequired":true,"valueName":"search_term_string"}}],"inLanguage":"es-IBE"},{"@type":"Organization","@id":"https:\/\/inforest.com.ar\/#organization","name":"Inforest","url":"https:\/\/inforest.com.ar\/","logo":{"@type":"ImageObject","inLanguage":"es-IBE","@id":"https:\/\/inforest.com.ar\/#\/schema\/logo\/image\/","url":"https:\/\/inforest.com.ar\/wp-content\/uploads\/2022\/05\/logoinfo.svg","contentUrl":"https:\/\/inforest.com.ar\/wp-content\/uploads\/2022\/05\/logoinfo.svg","width":118,"height":20,"caption":"Inforest"},"image":{"@id":"https:\/\/inforest.com.ar\/#\/schema\/logo\/image\/"}}]}},"_links":{"self":[{"href":"https:\/\/inforest.com.ar\/ibe\/wp-json\/wp\/v2\/pages\/20837","targetHints":{"allow":["GET"]}}],"collection":[{"href":"https:\/\/inforest.com.ar\/ibe\/wp-json\/wp\/v2\/pages"}],"about":[{"href":"https:\/\/inforest.com.ar\/ibe\/wp-json\/wp\/v2\/types\/page"}],"author":[{"embeddable":true,"href":"https:\/\/inforest.com.ar\/ibe\/wp-json\/wp\/v2\/users\/1"}],"replies":[{"embeddable":true,"href":"https:\/\/inforest.com.ar\/ibe\/wp-json\/wp\/v2\/comments?post=20837"}],"version-history":[{"count":34,"href":"https:\/\/inforest.com.ar\/ibe\/wp-json\/wp\/v2\/pages\/20837\/revisions"}],"predecessor-version":[{"id":30729,"href":"https:\/\/inforest.com.ar\/ibe\/wp-json\/wp\/v2\/pages\/20837\/revisions\/30729"}],"wp:attachment":[{"href":"https:\/\/inforest.com.ar\/ibe\/wp-json\/wp\/v2\/media?parent=20837"}],"curies":[{"name":"wp","href":"https:\/\/api.w.org\/{rel}","templated":true}]}}